2 - 6*u - 6. Let r be y(-4). Let s(b) = r*b - 1 - 5 - 4*b. Let a be s(-4). What is g(a)?
6
Suppose 5*z - 6*b = -b + 30, 6 = -2*z - 4*b. Let l(q) be the third derivative of 1/15*q**5 + 0*q - 1/24*q**4 + 0 - 5/6*q**z + 4*q**2 - 1/120*q**6. Give l(4).
-9
Let l(r) = 22*r - 9*r - 8*r + r**3 + 2 + 5*r**2. Give l(-4).
-2
Let m be (-4)/(-10) + (-3)/(-5). Let n be (6/(-8))/((-3)/12). Let u(l) = -l**2 - m + l**2 - 3*l**n. Determine u(1).
-4
Let d be (2 + -1)*(2 + -4). Let t be -3 + d/(2 + 0). Let n(m) be the first derivative of -m**2/2 - 3*m + 1. Give n(t).
1
Suppose -15 = -5*k + 2*h, 0 = -5*h + 3*h + 10. Let f(u) = u**2 - 8*u + 7. Determine f(k).
-8
Let w(m) = -19*m + m**3 + 5 - 1 + 20*m. Determine w(0).
4
Let u(q) be the second derivative of -q**4/12 - 5*q**3/6 + 3*q**2 - 6*q. Determine u(-6).
0
Let z be 76/18 + 10/(-45). Let d = -1 - -4. Suppose -14 = -d*p + 5*v, 2*v = p + z*v + 10. Let r(w) = -w**3 - w**2 - w - 2. Determine r(p).
4
Let l(v) = 5*v - 9. Let j = -5 - 0. Let n(o) = -3*o + 6. Let h(k) = j*l(k) - 8*n(k). Determine h(0).
-3
Let b be 2/(-8) - (-39)/12. Suppose -13 = -b*i + 2. Let y(a) = 5*a - 10. Let k(o) = -o + 2. Let c(n) = -11*k(n) - 2*y(n). Calculate c(i).
3
Let b(i) = -7*i**3 + 1. Suppose 6 = 5*y - 9. Let d(u) = 2*u. Let p be d(1). Let r = p - y. Calculate b(r).
8
Let n(p) = -p**2 - p + 4. Let v(q) = 2*q**2 + 3*q - 7. Let z(r) = 9*n(r) + 4*v(r). What is z(6)?
-10
Let a(t) = -t + 6. Let m(f) be the second derivative of -f**3/3 + 13*f**2/2 + f. Let h(q) = 13*a(q) - 6*m(q). Determine h(-1).
1
Suppose 9*b + 12 = -15. Let n(f) = -9*f. What is n(b)?
27
Let a(x) = -2*x + 3. Let d = -3 + 13. Let l be (d/15)/((-1)/(-6)). Determine a(l).
-5
Let d(m) be the third derivative of -m**7/2520 + m**6/90 - m**5/15 + m**4/6 + 7*m**2. Let l(z) be the second derivative of d(z). Calculate l(6).
4
Let h = 18 - 12. Let f(r) = -r**3 + 5*r**2 + 6*r - 3. Determine f(h).
-3
Let b(y) = 0 - 6 + 8*y - y**2 + 1 + 2. What is b(6)?
9
Suppose -95 = 5*m - s - 12, -m - 4*s = 4. Let z = 10 + m. Let c(x) = x**2 + 6*x + 6. Give c(z).
6
Let s(m) be the third derivative of m**4/12 + m**3/6 - 12*m**2. What is s(3)?
7
Let c(k) be the first derivative of k**2/2 + 9*k + 3. Determine c(-7).
2
Let p(z) = 3*z - 7. Let u(g) = 2*g - 4. Let s(r) = -r**2 + 5*r - 1. Let y be s(3). Let q(x) = y*u(x) - 3*p(x). Determine q(3).
4
Let q(k) be the first derivative of k**2/2 - 9*k + 5. Determine q(5).
-4
Let m(q) = -8*q**2 + 6*q - 1. Let p(x) = -16*x**2 + 11*x - 2. Let j(f) = -11*m(f) + 6*p(f). Suppose 4*d = -5*l + 11, -7*d = 4*l - 3*d - 12. Determine j(l).
-9
Suppose -3*s = z + 2*z - 12, -4*z = -4*s. Let d(g) = -g**3 + 2*g + g**2 + 0*g + 1 - g. What is d(z)?
-1
Suppose 7 = -4*c - 1. Let t be 0/((-1)/c*2). Let o(z) = -z - 1. Let y(g) = -g - 1. Let m(q) = 5*o(q) - 6*y(q). Give m(t).
1
Let w be 9 - (3 + -1 - -1). Let r(s) = -s**2 + 7*s - 9. Determine r(w).
-3
Let r(w) = 1 - 5*w**2 - w**2 + 5*w**2 + 6*w. Determine r(3).
10
Let a(n) = -n**2 - 8*n - 1. Let o(y) = 3*y + 8. Let c be o(-4). Determine a(c).
15
Let t(h) = 6*h**2 - 7*h + 0*h**2 + 5 - 5*h**2. What is t(6)?
-1
Let h(i) = 3*i**2 - 5*i + 1. Let d(g) = 5*g**2 - 11*g + 3. Let c(z) = 4*d(z) - 7*h(z). Calculate c(-9).
5
Let u(h) = h**3 - 3*h**2 - 6*h + 1. Let b(k) = -6*k + 5*k + 2*k. Let z be (-14)/(-3) - (-2)/(-3). Let y be b(z). Give u(y).
-7
Let v = -1 + -1. Let l(n) = 2*n + 1. Let j be l(v). Let t(b) be the third derivative of b**6/120 + b**5/30 - b**4/8 - 2*b**3/3 + 3*b**2. Determine t(j).
-4
Let y(k) = -7*k**3 + 6*k**2 + 3*k - 16. Let b(l) = -l**3 - l - 1. Let p(g) = -6*b(g) + y(g). Let w = 18 - 11. Give p(w).
4
Suppose -5*o = -10 + 5. Let k(l) = -4 - 9*l**2 + l + 1 + 2. What is k(o)?
-9
Suppose -4*v + 8 = -8*v. Let f(t) = t + 1. Give f(v).
-1
Let g(x) = 2*x + 4. Suppose -13 + 43 = 5*j. Let a be 34/6 - (-2)/j. Let d be 15*(0 + (-2)/a). What is g(d)?
-6
Let g(h) be the third derivative of -h**6/120 + h**5/15 - h**4/12 + h**3/3 + h**2. Calculate g(3).
5
Let u(b) be the second derivative of -b**4/12 + b**3/3 + b**2/2 + 2*b. Determine u(-3).
-14
Let b(h) = h**2 - 9*h + 10. Let p be 4/6*(-8 - -11). Suppose 10 = p*w - 4. Calculate b(w).
-4
Let p(i) = 8*i**3 + 2*i**2 - i - 3. Let v(d) = -7*d**3 - 2*d**2 + d + 2. Let s(z) = 6*p(z) + 7*v(z). Give s(-3).
2
Let u(y) = -y**2 + 7*y. Suppose 3*a - 8 - 7 = 0. Suppose t - 45 = a*h - 14, 5*h = -t - 19. Calculate u(t).
6
Let h = 29 + -32. Let n(g) = -g**3 - 4*g**2 - 3*g + 2. Determine n(h).
2
Let x(h) = -2*h + 27. Let g be x(16). Let w(q) = q**2 + 6*q + 2. Calculate w(g).
-3
Let u be 0 + 0 + (9 - -2). Let k = u - 6. Let o(y) = 3*y - 2 + 3 - k. Calculate o(3).
5
Let d be (-2)/3 - 2/(-3). Let k(u) = u**2 - u + 1 + 2*u + d*u**2 - 3*u. Determine k(1).
0
Suppose -40*v + 13 = -53*v. Let o(u) = -u**2 - u. Let j(y) = -17*y**2 - 5*y + 1. Let p(w) = -j(w) + 5*o(w). Give p(v).
11
Let p(a) be the first derivative of 3*a**2/2 + 3*a - 3. Let w be (-24)/(-11) + (-2)/11. Suppose -7 = w*j - 1. Give p(j).
-6
Let g(m) = -m + 24. Let q = -13 - -13. Determine g(q).
24
Let k(c) = 2*c**3 + 2*c**2 - 3*c - 16. Let j(f) = -5*f**3 - 5*f**2 + 8*f + 47. Let q(z) = -3*j(z) - 8*k(z). Let w(b) = b - 1. Let a(g) = q(g) - w(g). Give a(0).
-12
Let r(a) = -a**3 + a**2 + 2*a. Suppose 2*p = -2*b + 20, 0 = p + b + 3*b - 4. Let s be ((-4)/12)/((-2)/p). Suppose -4 - s = 3*k. Determine r(k).
8
Let b = 16 + -13. Let o(s) = 7*s**3 - 4*s**2 - 2*s - 1. Let y(r) = -6*r**3 + 4*r**2 + r + 1. Let x(h) = 5*o(h) + 6*y(h). Determine x(b).
-2
Suppose 4*r - r - 3*f = 36, 4*r = 3*f + 43. Let a = r + -1. Let m(z) = z**3 - 5*z**2 - 4*z - 4. Determine m(a).
8
Let z(g) = 8*g**3 - 2*g**2 + 2*g - 5. Let i(w) = -24*w**3 + 6*w**2 - 6*w + 14. Let n(u) = -4*i(u) - 11*z(u). Give n(1).
7
Suppose -k + 8 = 3*s, -3*k + 4*k = 5*s - 8. Let w(d) = d**2. Let i be w(k). Suppose 10 = -i*c + 6*c. Let g(v) = v - 11. Give g(c).
-6
Let t(b) be the third derivative of -b**5/60 - 7*b**4/24 + b**3/6 - 2*b**2 + 2*b. Give t(-5).
11
Let y be (6/4)/(1/2). Let n(w) = 6 - 4 + 2*w + 0 - y - 10*w**2. Determine n(1).
-9
Let g = 19 - 13. Let n(z) = z**3 - 7*z**2 + 7*z - 4. Determine n(g).
2
Let n be 4 + (-9)/((-3)/(-1)). Let v(b) = -5*b + n + 7*b - 6. What is v(5)?
5
Let a(n) = n**2 + 7*n + 5. Let z = 27 + -11. Let b = 11 - z. Give a(b).
-5
Let z(x) be the third derivative of x**4/24 - 5*x**3/6 - 4*x**2. Calculate z(6).
1
Let m(f) be the first derivative of f**2/2 - f - 1. Let s be m(3). Let a(o) = 2*o + 2 + 2 - o**s + 0. Calculate a(3).
1
Let t be 6/(2/(-2 + 0)). Let g = t - -8. Suppose g = b + 6. Let u(l) = 3*l + 5. Calculate u(b).
-7
Let p be (-8)/28 + (-32)/(-14). Suppose p = w - 0. Let b(v) = -2 + 3*v - 3 + v**w + 2. Give b(-5).
7
Let r(b) = -b**2 + 6*b + 3. Let d be (2 - 20/8)*-12. Calculate r(d).
3
Let x be (2/(-3))/((-1)/3). Let y = x + -2. Let b(c) = -c + 0*c - 5 + 0. Give b(y).
-5
Let g(t) be the second derivative of t**3/6 + t**2/2 - 13*t. Calculate g(0).
1
Let x(o) = -2*o**3 + 4*o**2 + o + 3. Let y(h) = 3*h**3 - 5*h**2 - h - 2. Let i(b) = -4*x(b) - 3*y(b). Suppose -2*j + 4*j = 0. Calculate i(j).
-6
Let u(m) = 2*m + m - 1 - 2*m. Calculate u(-1).
-2
Suppose 3*t + 0 = 6. Let z(u) = -2*u + 3. Let x(j) = j - 3. Let b(g) = 3*x(g) + 4*z(g). Determine b(t).
-7
Let h(f) = -f + 12. Suppose -4*d = 4*t - 40, -t - 3*d = -2*t - 2. Determine h(t).
5
Let d be (-19)/(-3) + 1/(-3). Let v = d + -3. Suppose -v*r + 16 = r. Let k(i) = -i**2 + 3*i + 4. Calculate k(r).
0
Let p(q) = -q + 1. Suppose -5*x + f + f = 18, -2*x + 5*f - 3 = 0. Let l be p(x). Let y(n) = n**3 - 6*n**2 + 4*n + 1. Determine y(l).
-4
Let g be 24/(-9)*3/(-2). Let y(u) = 2*u + 4. Suppose 2*l = -5*t - l + 34, 2*l + 20 = 2*t. Let c(f) = f + 3. Let j(s) = t*c(s) - 5*y(s). What is j(g)?
-4
Let h(i) = -i - 7. Let f be -3 - ((-7)/1)/(-1). Calculate h(f).
3
Suppose 3*k - 2*r = r - 6, -28 = -4*k - 5*r. Let c(l) = -l + 4 + l - 3*l - 2*l**k. Give c(-3).
-5
Let p = 0 + 2. Let d be p/7 + (-26)/(-7). Let a(m) be the third derivative of -m**4/24 + m**2. What is a(d)?
-4
Let f = -8 - -15. Let i(r) = -r**3 + 8*r**2 - 6*r - 3. Let m be i(f). Let k(w) = w - 8. Let g(y) = y - 9. Let d(n) = 3*g(n) - 4*k(n). Give d(m).
1
Let s(m) = 3*m**2 + 8*m. Suppose 9 = 5*l + c - 2*c, -4*l + 3*c + 5 = 0. Let z(b) = -16*b**2 - 41*b. Let d(q) = l*z(q) + 11*s(q). Let y = 2 - 